by u.
8
Let n(d) = -d**2 + 8*d. Let w(q) = 367*q + 30 + 362*q - 732*q. Calculate the remainder when w(-4) is divided by n(6).
6
What is the remainder when 152 is divided by (69 - 62)/((-1)/(9/(1 - 2)))?
26
Let b(a) = -a**3 + 1522*a - a**2 + 3*a**2 + 7*a**2 - 1513*a + 19. Let k(i) = i. What is the remainder when b(10) is divided by k(4)?
1
Let x = 42 + 52. Let f = x - 90. Calculate the remainder when ((-14)/(-2 + f))/(1/(-19)) is divided by 17.
14
Let i(b) = -41*b**3 - b**2 + 11*b + 19. Let w be i(-2). Let z = -190 + w. What is the remainder when z is divided by 22?
21
Suppose 9*h - 14*h = x - 40, 4*x = 3*h + 91. Calculate the remainder when 844 is divided by x.
19
Suppose 4*r = 5*i - 383, 15*i = 14*i + r + 77. Let l = 228 + i. What is the remainder when l is divided by 44?
39
Suppose 2525 = -1762*x + 1787*x. Calculate the remainder when 13129 is divided by x.
100
Let a(f) = -2*f**3 + 29*f**2 - 13*f + 260. Calculate the remainder when a(14) is divided by 261.
13
Let y = -200 + 467. Let s = 331 - y. Calculate the remainder when 126 is divided by s.
62
Let s be -11*(4 - ((-2 - -6) + 18)). Suppose -s = -5*d - 4*v, -2*v = -d - 7*v + 27. What is the remainder when d is divided by 12?
6
Suppose -s = -12*s + 2607. Let y = -233 + s. What is the remainder when 75 is divided by y?
3
Let i = 8 - 5. Suppose 0 = i*q - 10 - 2. Let r(l) = l**3 + 63*l**2 - 136*l - 384. Calculate the remainder when r(-65) is divided by q.
2
Let m = 60 - -45. What is the remainder when m is divided by ((-24)/(-26))/(38/741)?
15
Let i(h) = -h**3 + 12*h**2 + 5. Let m be 306/119*(22/6 - -1). Let r be i(m). Suppose 0 = -10*k + r*k + 170. Calculate the remainder when k is divided by 7.
6
Suppose 14*m - 9*m - 485 = 0. Let a = -99 + 94. What is the remainder when m is divided by 686/(-70)*a*1?
48
Let q(d) = 11*d**3 - 3*d**2 + 8*d - 6. Suppose -1090*v + 1084*v = -12. Calculate the remainder when q(v) is divided by -1*(0 + -2) + 28.
26
Suppose -8982 + 5239 = 34*z - 68139. Calculate the remainder when z is divided by 79.
77
Let o = -45 + 59. Suppose 2*u = -5*q + o, 2*u - 2*q - 42 = -0*u. Calculate the remainder when u is divided by 1.
0
Let f(l) = 3*l**2 - l - 2. Let z(p) = 176*p + 4. Let r be z(1). Suppose 0 = -5*x + 11*x - r. What is the remainder when x is divided by f(2)?
6
Let l(h) = 457*h**3 + h**2 - 2*h + 1. Let p(b) = -2*b**2 - 178*b - 2709. What is the remainder when l(1) is divided by p(-20)?
49
Let p(s) = s**3 - 16*s**2 + 19*s - 13. Suppose -7482 = 6*t - 93*t. Calculate the remainder when t is divided by p(15).
39
Let o(s) = -78 - 17*s**2 - 114 + 16*s**2 - 46*s. What is the remainder when 34 + (4 + -2 - 0) is divided by o(-41)?
10
Let i = 41489 + -40443. What is the remainder when i is divided by 76?
58
Suppose 0 = 9*k - 41 - 166. Calculate the remainder when 236 is divided by k.
6
Let s(v) = -2*v**2 + 22*v + 3. Let h be s(11). Calculate the remainder when (-20)/(-25)*(40 - 0) is divided by -6 - (-500)/30 - 2/h.
2
Let p(u) = -582*u + 9442. What is the remainder when p(15) is divided by 185?
157
Suppose 0 = 279*i - 420 - 696. Calculate the remainder when 1196 is divided by i.
0
Suppose -117*o + 15085 + 37097 = 0. What is the remainder when o is divided by 8?
6
Suppose 18 = 3*i - 2*g, 0 + 2 = -i - 2*g. Suppose 0*n = 5*n + 2*b - 456, -4*b = 7*n - 642. Calculate the remainder when n is divided by i.
2
Suppose 0 = 4*x - 3*y - 813, -7*y + 11*y = 4*x - 816. Let j = x + 423. What is the remainder when j is divided by 57?
54
Suppose -18811 = -226*i - 4799. What is the remainder when 2222 is divided by i?
52
Suppose q = 4*a - 175, a + q - 3*q - 35 = 0. Let h(t) = -1345*t + 14803. Calculate the remainder when a is divided by h(11).
5
Let h(f) = 4*f**2 - 52*f + 31. Let c be h(19). Let n = -477 + c. What is the remainder when 37 is divided by n?
7
Suppose -268*s - 5589 = -337*s. Calculate the remainder when 2591 is divided by s.
80
Let a(q) = 45*q - 579. Calculate the remainder when 2494 is divided by a(13).
4
Let s = -358 - -358. Suppose s = 11*g - 3*g - 1144. Calculate the remainder when g is divided by 5.
3
Suppose -15 = b - 6*b. Suppose 14 = b*h - h. Calculate the remainder when 7 is divided by (1/(-4))/(h/(-112)).
3
Let s = 1738 - 1445. Calculate the remainder when 1432 is divided by s.
260
Suppose 19955*d + 77085 = 19970*d. Calculate the remainder when d is divided by 53.
51
Let p = -2356 - -2500. Calculate the remainder when 709 is divided by p.
133
What is the remainder when 889 is divided by (-1 - -10)/(43/129)?
25
Let k be (-4)/10 + 388/(-5). Suppose u = -3*o - 3*u + 437, -2*o + 276 = -5*u. Let t = k + o. Calculate the remainder when t is divided by 11.
10
Suppose -22*f = 25*f - 42347. Let j = -449 + f. What is the remainder when j is divided by 57?
53
Let h(k) be the second derivative of 59*k**3/6 + k**2/2 - 45*k. Calculate the remainder when h(1) is divided by 32.
28
Suppose -3*o - 1 = d + 5, 0 = d - 5*o - 10. Suppose b - 4*p - p = -37, b + 2*p + 2 = d. What is the remainder when (-18)/(-108) - 1714/b is divided by 24?
23
Let h(o) = 42*o - 14*o - 4 - o**2 - 12 + 0. Calculate the remainder when 228 is divided by h(25).
51
Suppose -44*o + 3142 = 238. What is the remainder when 214 is divided by o?
16
Let p be -1*(3 - 2)*-3. Suppose r - 20 = p*r. Calculate the remainder when 17 is divided by (-3)/(-15) + (-88)/r - 0.
8
Let w(u) = u**2 - u - 9. Let d(i) = 5*i**2 + 3 - 11*i**2 + 7*i**2 + 0*i**2 - 2*i. What is the remainder when d(3) is divided by w(-3)?
0
Suppose 1739*o - 180 = 1736*o. What is the remainder when (-2836)/(-24) - 1/6 is divided by o?
58
Let c(t) = -t**2 - t + 1. Let y be c(1). Suppose -116*b = -21*b - 475. Calculate the remainder when (y + (-3)/(-5))*-60 is divided by b.
4
Suppose q + 2*q + 3 = 0. Let f(u) = -u**3 + 29*u**2 + 1754*u - 51709. What is the remainder when f(30) is divided by (10/4)/(q/(-2))?
1
Let p(t) = -986*t + 1048. Calculate the remainder when 1522 is divided by p(1).
34
Let n(s) = s**3 - 14*s**2 - 32*s + 3. Let v be n(16). Suppose 3 = p, -z = 6*p - v*p - 95. What is the remainder when 772 is divided by z?
84
What is the remainder when 631 is divided by (-1853)/(-6) + 119/714?
13
Let x = 2613 + -2154. What is the remainder when x is divided by 102?
51
Let a(g) be the second derivative of 31*g**3/6 - 37*g**2 + 19*g - 1. Calculate the remainder when 299 is divided by a(4).
49
Suppose -2*a + 14 = -4*k, 2*k + 3*a + 2*a - 11 = 0. Let d = k + 4. Suppose -2*p = -26 - d. Calculate the remainder when p is divided by 5.
4
Suppose 44*i + 89 = 3*r + 45*i, -i + 2 = 0. What is the remainder when 3551 is divided by r?
13
Suppose 0 = -4*b - 4*j + 1916, -5*j - 41 + 66 = 0. Calculate the remainder when b is divided by 172.
130
Let i(k) = -k**2 + 3*k. Let c be i(1). Suppose -3*o + 4*w - 2 = -7, o = c*w - 1. Calculate the remainder when o is divided by 3.
1
Let l(j) = 7*j - 51. Let i be l(10). Suppose 0 = 2*y + 3*c - i, 2*y = -y - 3*c + 30. Calculate the remainder when 85 is divided by y.
8
Let b be -1*1 - (-9028)/37. Let x = 257 - b. Let r(h) = h**2 - 2*h + 1. Calculate the remainder when x is divided by r(4).
5
Let t(i) = 2*i**2 - 9*i + 13. Let s be t(4). Let d(b) = b**3 - 9*b**2 + 3*b - 5. Calculate the remainder when 106 is divided by d(s).
18
Let n(y) = -14*y**3 + 2*y**2 + y - 2. Let c be ((4 - 5)*2)/2. Calculate the remainder when 116 is divided by n(c).
12
Let a(q) = -2*q**3 - 110*q**2 + 92*q + 189. Calculate the remainder when a(-56) is divided by 46.
21
Let r = 6688 - 6082. What is the remainder when r is divided by 56?
46
Let d be (-23715)/27 - 9/((-54)/(-4)). Let w = d - -1141. Calculate the remainder when w is divided by 11.
9
Let q(w) = -4*w + 21. Let d be q(-4). Suppose d = 5*m + 2. What is the remainder when 152 is divided by m?
5
Suppose -15*q = -238 + 88. Let h(d) = d**2 + 2*d - 52. Calculate the remainder when 473 is divided by h(q).
65
Suppose -4*q + 228 = q - 3*c, -28 = -q + 5*c. Calculate the remainder when 255 is divided by q.
15
Calculate the remainder when 248/10*(295 - 290) is divided by 52.
20
Let p(z) be the third derivative of -z**6/40 + z**5/10 + 19*z**4/24 + 5*z**3/6 - 37*z**2 + 3*z. Calculate the remainder when 146 is divided by p(-2).
11
Suppose -288 = -25*r + r. What is the remainder when (-4 - -5) + -3 + 2 + 58 is divided by r?
10
Su